t is the tens digit of 337085596?
9
What is the hundreds digit of 390602355?
3
What is the hundreds digit of 735614671?
6
What is the thousands digit of 5452737788?
7
What is the ten thousands digit of 67154278?
5
What is the hundred thousands digit of 26807841?
8
What is the units digit of 8689403?
3
What is the ten millions digit of 562907541?
6
What is the hundred thousands digit of 4376390696?
3
What is the ten millions digit of 93372984?
9
What is the ten thousands digit of 317232003?
3
What is the hundred millions digit of 128374299?
1
What is the millions digit of 381091069?
1
What is the tens digit of 3738721508?
0
What is the tens digit of 3994953?
5
What is the millions digit of 3053930681?
3
What is the units digit of 1019511379?
9
What is the billions digit of 2800547154?
2
What is the units digit of 65862939?
9
What is the ten thousands digit of 263215768?
1
What is the hundred millions digit of 310793579?
3
What is the ten thousands digit of 118355150?
5
What is the ten millions digit of 281730584?
8
What is the hundred thousands digit of 19101108?
1
What is the ten thousands digit of 539783566?
8
What is the billions digit of 1560933670?
1
What is the millions digit of 6497212?
6
What is the units digit of 1149712325?
5
What is the ten millions digit of 2306832743?
0
What is the hundreds digit of 4985483280?
2
What is the tens digit of 189948515?
1
What is the tens digit of 941358?
5
What is the ten millions digit of 37139093?
3
What is the ten thousands digit of 26553674?
5
What is the hundred thousands digit of 2058474759?
4
What is the ten thousands digit of 48538059?
3
What is the millions digit of 193319387?
3
What is the hundreds digit of 3073741231?
2
What is the thousands digit of 35551678?
1
What is the millions digit of 59409774?
9
What is the ten millions digit of 1408364862?
0
What is the ten millions digit of 728876948?
2
What is the hundreds digit of 17775001?
0
What is the hundred thousands digit of 475560387?
5
What is the hundred thousands digit of 43118854?
1
What is the ten thousands digit of 363271404?
7
What is the millions digit of 1336703899?
6
What is the hundreds digit of 354665390?
3
What is the ten thousands digit of 46281389?
8
What is the ten thousands digit of 6881267729?
6
What is the hundred millions digit of 2687483066?
6
What is the units digit of 74590520?
0
What is the hundred millions digit of 3073615847?
0
What is the hundred thousands digit of 30456075?
4
What is the tens digit of 15113406?
0
What is the hundreds digit of 263617246?
2
What is the ten thousands digit of 16386559?
8
What is the units digit of 7389923635?
5
What is the hundred thousands digit of 1140928884?
9
What is the hundred thousands digit of 433503652?
5
What is the ten millions digit of 408275781?
0
What is the hundred thousands digit of 4493395622?
3
What is the ten thousands digit of 2551326?
5
What is the millions digit of 160648713?
0
What is the ten thousands digit of 95667210?
6
What is the hundreds digit of 1824548226?
2
What is the hundred millions digit of 1438383553?
4
What is the tens digit of 97292349?
4
What is the millions digit of 128257854?
8
What is the hundred thousands digit of 132329017?
3
What is the ten millions digit of 100708130?
0
What is the ten thousands digit of 20353115?
5
What is the hundreds digit of 216069783?
7
What is the hundred thousands digit of 80452575?
4
What is the tens digit of 1131663104?
0
What is the millions digit of 63807837?
3
What is the ten thousands digit of 273734967?
3
What is the hundred millions digit of 687539281?
6
What is the hundred millions digit of 537435435?
5
What is the tens digit of 377132593?
9
What is the ten thousands digit of 1214017645?
1
What is the units digit of 6285762904?
4
What is the millions digit of 2307693173?
7
What is the hundred millions digit of 303390497?
3
What is the hundred thousands digit of 185319778?
3
What is the hundreds digit of 1692619?
6
What is the thousands digit of 55718184?
8
What is the thousands digit of 1067848463?
8
What is the tens digit of 85612870?
7
What is the tens digit of 8255608420?
2
What is the hundred thousands digit of 33249642?
2
What is the tens digit of 134628977?
7
What is the millions digit of 253931624?
3
What is the hundred thousands digit of 42168366?
1
What is the ten thousands digit of 172917386?
1
What is the units digit of 35237028?
8
What is the millions digit of 63966360?
3
What is the hundreds digit of 68763196?
1
What is the millions digit of 605198313?
5
What is the hundred millions digit of 623333684?
6
What is the thousands digit of 1585525341?
5
What is the hundred thousands digit of 102257497?
2
What is the millions digit of 4514667253?
4
What is the hundred thousands digit of 160765498?
7
What is the tens digit of 559974187?
8
What is the hundred millions digit of 1321997768?
3
What is the billions digit of 1177152670?
1
What is the hundreds digit of 41821589?
5
What is the ten millions digit of 294762406?
9
What is the hundreds digit of 1887593929?
9
What is the thousands digit of 848614479?
4
What is the thousands digit of 1167609688?
9
What is the units digit of 658462060?
0
What is the tens digit of 116757486?
8
What is the millions digit of 3316785405?
6
What is the units digit of 38755460?
0
What is the tens digit of 115195381?
8
What is the ten thousands digit of 18494395?
9
What is the thousands digit of 5679113743?
3
What is the units digit of 43280754?
4
What is the millions digit of 8360438?
8
What is the hundred millions digit of 1032022373?
0
What is the ten millions digit of 132503148?
3
What is the thousands digit of 18625587?
5
What is the hundred millions digit of 238742075?
2
What is the hundreds digit of 77098864?
8
What is the hundreds digit of 52549145?
1
What is the units digit of 112607428?
8
What is the ten millions digit of 805864923?
0
What is the hundreds digit of 4231860318?
3
What is the ten millions digit of 34399716?
3
What is the millions digit of 355354249?
5
What is the tens digit of 14651394?
9
What is the hundred millions digit of 426239521?
4
What is the hundred thousands digit of 223573321?
5
What is the hundreds digit of 55310546?
5
What is the hundreds digit of 84724561?
5
What is the thousands digit of 2226328844?
8
What is the units digit of 88758016?
6
What is the hundred thousands digit of 538574807?
5
What is the ten millions digit of 84102494?
8
What is the thousands digit of 19368398?
8
What is the tens digit of 59544569?
6
What is the tens digit of 412524247?
4
What is the millions digit of 320972996?
0
What is the hundred thousands digit of 1532870856?
8
What is the hundred millions digit of 247418687?
2
What is the hundreds digit of 1496391892?
8
What is the hundreds digit of 233269895?
8
What is the ten millions digit of 80114003?
8
What is the hundred millions digit of 165423788?
1
What is the hundred millions digit of 126201031?
1
What is the tens digit of 146524764?
6
What is the millions digit of 1335381547?
5
What is the ten millions digit of 83641123?
8
What is the ten thousands digit of 7010452?
1
What is the millions digit of 9944331?
9
What is the hundred thousands digit of 908590737?
5
What is the hundred thousands digit of 137992400?
9
What is the hundred millions digit of 1863505505?
8
What is the millions digit of 675147953?
5
What is the billions digit of 4779319424?
4
What is the tens digit of 429689867?
6
What is the ten thousands digit of 34086698?
8
What is the tens digit of 34099004?
0
What is the ten thousands digit of 312284960?
8
What is the ten millions digit of 10326836?
1
What is the thousands digit of 8408318321?
8
What is the millions digit of 826615116?
6
What is the hundred millions digit of 1977467115?
9
What is the hundred millions digit of 1616840987?
6
What is the thousands digit of 35478114?
8
What is the tens digit of 141519277?
7
What is the tens digit of 44461707?
0
What is the ten millions digit of 138349793?
3
What is the hundred thousands digit of 51944239?
9
What is the millions digit of 82965446?
2
What is the ten thousands digit of 7411698?
1
What is the hundreds digit of 61314712?
7
What is the tens digit of 75747326?
2
What is the hundred thousands digit of 452856487?
8
What is the mil